) = t**2 - 201*t - 5127. Determine o(-23).
25
Let i(r) = -115*r + 185. What is i(2)?
-45
Let h(s) = -11*s + 84. Determine h(42).
-378
Let g(t) = -9389*t - 28158. Determine g(-3).
9
Let y(q) = q**3 + 10*q**2 - 64*q - 567. Determine y(-7).
28
Let t(i) = i**3 + 54*i**2 + 379*i + 502. Calculate t(-46).
-4
Let u(d) = 2*d**3 + 14*d**2 - 253*d + 38. Determine u(-15).
233
Let h(x) = -17*x + 540. Determine h(32).
-4
Let g(u) = 3*u**2 - 4*u - 12. Calculate g(-8).
212
Let k(p) = 8*p**2 - 18*p - 8. Calculate k(-2).
60
Let h(m) = 17*m**2 - 22*m - 18. Give h(-4).
342
Let i(u) = -4778*u + 14374. What is i(3)?
40
Let j(y) = 445*y - 5777. Calculate j(13).
8
Let n(b) = 7*b**2 - 19*b + 12. Give n(5).
92
Let o(l) = l**3 + 12*l**2 + 24*l - 24. Give o(-10).
-64
Let p(q) = 3*q**2 - 7*q - 226. Calculate p(12).
122
Let i(r) = -r**3 + 2*r**2 - 2*r - 27. Determine i(-5).
158
Let n(w) = -2*w**3 - 7*w**2 - 14*w - 63. Give n(-4).
9
Let m(z) = 3*z**3 + 20*z**2 + 17*z + 9. Calculate m(-7).
-159
Let n(q) = -11*q**2 - 11*q - 10. Give n(-1).
-10
Let s(u) = 49*u - 3728. Give s(76).
-4
Let d(a) = -4*a**3 - 2*a**2 - 3*a + 29. Calculate d(0).
29
Let q(a) = -3*a - 96. Calculate q(-65).
99
Let m(z) = -z**3 + 65*z**2 - 550*z + 13. What is m(55)?
13
Let w(h) = h**3 - 18*h**2 + 43*h + 6. Give w(15).
-24
Let z(t) = -t**3 - 19*t**2 + 152*t + 72. What is z(-25)?
22
Let t(w) = 9*w**2 - 17*w - 50. Calculate t(7).
272
Let z(n) = -3*n**3 + 79*n**2 + 336*n - 183. Calculate z(30).
-3
Let q(a) = a**2 + 3*a - 218. Calculate q(-17).
20
Let a(x) = 19*x**2 + 14*x - 1. Calculate a(-1).
4
Let h(m) = -m**3 + 25*m**2 + 17*m - 25. Determine h(24).
959
Let g(r) = r**3 + 15*r**2 + 31*r + 15. Determine g(-12).
75
Let x(l) = l**3 - 17*l**2 - 290*l + 4804. Calculate x(19).
16
Let c(z) = z**2 + 9*z - 204. What is c(-17)?
-68
Let b(n) = -131*n - 103. Determine b(-6).
683
Let o(b) = 93*b - 137. What is o(-6)?
-695
Let i(g) = -70*g + 1617. What is i(23)?
7
Let w(b) = -16*b - 453. Determine w(-29).
11
Let t(p) = -14*p - 255. Determine t(-33).
207
Let a(g) = g**2 + 1046*g - 6296. Determine a(6).
16
Let z(y) = 3*y**2 + 217*y - 33. Calculate z(-72).
-105
Let u(m) = -9*m**3 + 2*m**2 - m + 6. What is u(-3)?
270
Let x(y) = 149*y + 879. What is x(-6)?
-15
Let y(s) = 33*s**2 + 104*s - 5. Determine y(-4).
107
Let z(a) = 3*a**2 + 54*a + 148. Give z(-3).
13
Let t(j) = -4*j**2 - 18*j - 16. What is t(3)?
-106
Let y(o) = 8*o - 18. Determine y(-9).
-90
Let u(v) = -v**3 - 10*v**2 + 17*v - 44. Determine u(-12).
40
Let k(c) = -4*c**2 - 10*c + 13. Calculate k(3).
-53
Let m(k) = 2*k**2 - 54*k - 26. Calculate m(0).
-26
Let h(q) = 670*q - 668. What is h(1)?
2
Let t(n) = 103*n + 252. What is t(-3)?
-57
Let k(o) = o**3 + 17*o**2 - 17*o - 64. Calculate k(-16).
464
Let o(n) = n**3 + 5*n**2 + n - 6. What is o(-4)?
6
Let l(s) = 32*s + 121. Determine l(-3).
25
Let q(c) = 4*c**3 - 170*c**2 - 82*c - 38. Give q(43).
134
Let u(b) = b**2 - 16*b - 242. Give u(-9).
-17
Let t(n) = -2*n**2 + 63*n - 157. Give t(29).
-12
Let c(t) = 2*t**2 + 31*t - 522. Determine c(-29).
261
Let w(l) = 7171*l - 121911. Determine w(17).
-4
Let v(c) = -c**3 - 72*c**2 + 904*c - 747. Determine v(-83).
0
Let c(o) = 21*o + 552. What is c(-27)?
-15
Let g(c) = c**3 + 43*c**2 - 243*c + 14. Give g(5).
-1
Let f(d) = d**3 - 23*d**2 + 92*d - 16. Calculate f(5).
-6
Let c(n) = 462*n + 1052. Determine c(-2).
128
Let a(t) = 2*t**2 + 1076*t - 21171. Determine a(19).
-5
Let a(n) = -217*n + 12. What is a(1)?
-205
Let h(s) = -83*s - 153. Give h(-2).
13
Let m(b) = -57*b**3 - 3*b**2 + 7*b - 2. What is m(2)?
-456
Let n(i) = 49*i - 12395. Calculate n(253).
2
Let f(r) = 6*r**2 - 36*r - 10. Calculate f(5).
-40
Let t(u) = u**2 - 7*u + 130. Determine t(13).
208
Let v(c) = -69*c**3 - c**2 - 35*c + 33. Determine v(1).
-72
Let h(i) = -i**3 + 14*i**2 + 10*i - 37. Determine h(6).
311
Let c(w) = 60*w**2 + 33*w + 2. Determine c(-2).
176
Let y(q) = 5*q - 23. Determine y(8).
17
Let p(i) = 7*i**2 + 14. Calculate p(10).
714
Let u(y) = -y**3 - 12*y**2 + 72*y + 797. Give u(-9).
-94
Let z(c) = 781*c + 50771. Determine z(-65).
6
Let c(n) = 58*n - 4146. Calculate c(74).
146
Let t(s) = -s**2 - 3502*s - 13989. What is t(-4)?
3
Let r(y) = 4*y**3 + 39*y**2 - 22*y - 455. Calculate r(-9).
-14
Let z(s) = 13*s**2 - 307*s - 92. Determine z(24).
28
Let r(n) = n**3 + 76*n**2 + 16*n - 4415. Determine r(-75).
10
Let y(z) = -5*z**3 - 7*z**2 - 14*z - 11. What is y(-5)?
509
Let t(h) = -2*h**2 - 69*h - 11. Give t(-32).
149
Let l(c) = 2*c**2 + 113*c + 251. Give l(-54).
-19
Let n(f) = 2*f**3 + 137*f**2 + 10*f + 5463. Determine n(-69).
12
Let j(a) = 2*a**3 - 91*a**2 - 1044*a - 26. What is j(55)?
29
Let m(t) = -10*t**3 + 16*t**2 - 6*t + 18. Calculate m(2).
-10
Let t(p) = -p**2 + 83*p + 457. Give t(-5).
17
Let z(n) = 2*n**3 + 69*n**2 - 64*n - 887. What is z(-35)?
128
Let h(x) = 5*x**3 - x - 276. Determine h(0).
-276
Let k(d) = -d**2 + 321*d - 7381. What is k(25)?
19
Let g(w) = -14*w + 323. Determine g(25).
-27
Let s(m) = m**3 + 5*m**2 + 31*m + 19. Give s(-5).
-136
Let i(s) = -s**2 + 7*s + 668. Calculate i(0).
668
Let q(y) = -37*y - 773. Give q(-21).
4
Let w(h) = 1901*h + 9524. Give w(-5).
19
Let n(l) = -l**3 + 4*l**2 - 410*l + 2076. Calculate n(5).
1
Let a(p) = 5*p**3 + 3*p**2 + 6*p + 8. What is a(-2)?
-32
Let a(r) = r**3 + 34*r**2 + 3. Give a(-34).
3
Let q(n) = -n**3 - 5*n**2 - 87*n - 623. Give q(-7).
84
Let r(m) = -m**3 - 47*m**2 + 46*m - 151. Determine r(-48).
-55
Let x(q) = -q**2 + 9*q - 6. Give x(2).
8
Let w(o) = o**3 + 6*o**2 + 2*o - 20. Determine w(-4).
4
Let m(y) = -67*y + 194. Calculate m(2).
60
Let i(x) = 4*x**3 + 529*x**2 - 404*x - 667. Give i(-133).
-2
Let x(j) = -46*j - 25. Calculate x(-6).
251
Let g(a) = 31*a - 1554. What is g(50)?
-4
Let d(y) = 68*y + 220. Determine d(-2).
84
Let f(h) = 37*h + 30. What is f(-7)?
-229
Let d(h) = 4*h - 75. Calculate d(26).
29
Let r(i) = 7*i**2 - 13*i - 71. Give r(-7).
363
Let i(a) = 3*a - 159. Calculate i(39).
-42
Let h(y) = -9*y - 73. Give h(7).
-136
Let k(a) = 62*a - 429. Give k(6).
-57
Let h(g) = -4*g - 131. What is h(-16)?
-67
Let m(b) = 9*b**2 - 16*b + 81. Calculate m(5).
226
Let h(o) = o**2 + 48*o - 154. What is h(-51)?
-1
Let r(h) = -h**2 - 61*h - 292. Calculate r(-5).
-12
Let w(k) = 2353*k - 21171. Determine w(9).
6
Let s(n) = -20*n**2 + 108*n - 41. What is s(5)?
-1
Let n(v) = 2*v**3 - 139*v**2 - 209*v - 51. Calculate n(71).
233
Let q(t) = -33*t - 194. Give q(-8).
70
Let k(r) = -12*r**2 - 21*r + 5. Give k(3).
-166
Let h(z) = -157*z - 924. Calculate h(-6).
18
Let m(b) = 3*b**2 + 26*b + 36. Give m(-6).
-12
Let b(v) = v**3 - 4*v**2 - 320*v + 1550. Determine b(5).
-25
Let l(v) = v**3 + 6*v**2 - 5*v + 44. Determine l(5).
294
Let k(m) = -20*m + 3362. What is k(168)?
2
Let v(j) = -3*j**2 + 93*j - 714. What is v(8)?
-162
Let a(k) = -k**3 + 26*k**2 + 20*k + 12. Give a(27).
-177
Let c(u) = u**3 - 81*u**2 + 83*u - 265. Determine c(80).
-25
Let f(d) = -6*d + 501. Determine f(84).
-3
Let g(f) = -370*f - 2826. Give g(-8).
134
Let a(d) = -2*d**3 + 3*d**2 - 59*d + 113. Calculate a(2).
-9
Let k(q) = -9*q**3 - 224*q**2 + 22*q - 34. Calculate k(-25).
41
Let a(f) = f**2 - 33*f - 425. Determine a(45).
115
Let b(l) = l**2 + 10*l - 2378. What is b(-54)?
-2
Let u(f) = 649*f + 3195. Calculate u(-5).
-50
Let l(x) = x**3 + 416*x**2 + 2*x + 59. Give l(0).
59
Let y(z) = 125*z + 532. What is y(-4)?
32
Let k(w) = -2*w**2 + 3*w - 15. What is k(6)?
-69
Let f(i) = 2*i**3 - 19*i**2 + 13*i - 21. Determine f(9).
15
Let h(x) = 37*x + 105. Give h(-8).
-191
Let z(g) = -5*g**3 + 2822*g**2 - 9539*g + 1121. Give z(561).
-1
Let o(f) = -193*f - 13. What is o(-1)?
180
Let c(p) = 19*p - 637. Determine c(32).
-29
Let a(i) = 2*i + 141. Calculate a(-6).
129
Let d(n) = n**3 + n**2 - 2*n - 7. Give d(-4).
-47
Let m(n) = -14*n - 876. What is m(-63)?
6
Let i(o) = -5*o**2 - 89*o - 383. Calculate i(-7).
-5
Let v(k) = -391*k - 16005. Calculate v(-41).
26
Let g(l) = l**3 + 4*l**2 - 42*l + 6. Give g(0).
6
Let h(z) = 5*z**2 + 11*z - 40. What is h(7)?
282
Let b(s) = s**3 + 15*s**2 + 56*s + 9. Give b(-6).
-3
Let p(l) = -l**3 + 29*l**2 - 11*l - 572. Calculate p(28).
-96
Let g(j) = j**3 - 26*j**2 + 94*j + 6. What is g(5)?
-49
Let l(i) = -i**3 - 4*i**2 - 8*i + 36. Give l(3).
-51
Let u(s) = s**2 + 39*s - 270. Calculate u(6).
0
Let f(q) = 3*q**2